76626 and 5510?
1102
What is the greatest common divisor of 3592 and 394984?
8
Calculate the highest common factor of 691645 and 2040.
85
Calculate the highest common divisor of 29335680 and 600.
120
Calculate the highest common divisor of 2244043 and 1175114.
7079
Calculate the highest common factor of 1890 and 294406.
14
Calculate the highest common factor of 6331303 and 22.
11
Calculate the highest common divisor of 1499040 and 8160.
480
What is the highest common factor of 4798 and 1133395555?
2399
Calculate the greatest common factor of 45100800 and 11840.
320
Calculate the highest common divisor of 78982826 and 318.
106
Calculate the highest common factor of 157679713 and 721.
103
Calculate the greatest common divisor of 5435761 and 515965.
2789
Calculate the highest common divisor of 71488 and 38170124.
4468
Calculate the greatest common factor of 3792 and 37038834.
474
Calculate the highest common factor of 72332101 and 789.
263
What is the highest common factor of 34672 and 25858811?
2167
Calculate the highest common factor of 6 and 13416477.
3
What is the highest common factor of 1007934 and 126?
6
What is the highest common factor of 300 and 2228650?
50
Calculate the highest common divisor of 10 and 45746850.
10
What is the greatest common factor of 795635 and 80?
5
Calculate the highest common factor of 27492406 and 222.
74
What is the greatest common divisor of 82102852 and 1924?
1924
What is the highest common factor of 8208902 and 2983?
157
What is the greatest common factor of 65967948 and 600?
12
What is the highest common factor of 4338 and 56664?
18
What is the highest common divisor of 419 and 1867?
1
Calculate the greatest common divisor of 29934 and 28665.
9
Calculate the greatest common factor of 119527 and 47321.
79
Calculate the greatest common factor of 126 and 8586858.
42
Calculate the highest common divisor of 325 and 4858150.
25
What is the highest common divisor of 49131625 and 1208?
151
Calculate the highest common factor of 192 and 194496720.
48
What is the highest common divisor of 1326048629 and 1381?
1381
Calculate the highest common factor of 728541 and 4643529.
7359
Calculate the highest common divisor of 2916 and 150.
6
Calculate the highest common divisor of 3213 and 28478961.
1071
Calculate the highest common factor of 7491889 and 328.
41
What is the greatest common divisor of 4860 and 29009910?
30
Calculate the greatest common factor of 2457 and 12831858.
351
Calculate the greatest common divisor of 3284874 and 2428734.
4506
Calculate the highest common factor of 1884753 and 72090.
801
Calculate the greatest common factor of 8143 and 1020749.
479
Calculate the greatest common divisor of 900 and 17764100.
100
What is the highest common divisor of 847 and 127261519?
77
Calculate the highest common divisor of 9858 and 300510.
318
What is the highest common factor of 14272 and 121536?
64
What is the greatest common divisor of 37420763 and 1278?
71
What is the highest common divisor of 960 and 8763930?
30
Calculate the highest common divisor of 568510 and 2425370.
4090
Calculate the highest common divisor of 4331 and 3116795.
61
Calculate the greatest common divisor of 7402395 and 33150.
3315
What is the greatest common factor of 60275038 and 13678?
1954
What is the greatest common divisor of 306 and 232894917?
153
Calculate the highest common factor of 966 and 158588556.
42
Calculate the highest common divisor of 12781568 and 2048.
2048
What is the greatest common divisor of 432 and 303937488?
432
What is the greatest common factor of 1511562279 and 159?
159
Calculate the highest common divisor of 540397 and 143.
143
Calculate the highest common divisor of 7482978 and 558.
18
What is the greatest common divisor of 401302 and 335852?
374
Calculate the highest common factor of 634587 and 663447.
111
Calculate the highest common factor of 7208 and 688152.
424
What is the highest common divisor of 6734 and 63271?
13
What is the greatest common divisor of 60568 and 940160?
904
What is the highest common factor of 4204 and 25712?
4
What is the highest common divisor of 14929690 and 15?
5
What is the highest common divisor of 1053 and 155422917?
117
What is the greatest common factor of 15435 and 27639?
9
Calculate the greatest common factor of 23925 and 825.
825
What is the highest common factor of 651527 and 589?
31
Calculate the highest common divisor of 6929857 and 77.
11
Calculate the greatest common factor of 33 and 432499.
1
What is the highest common factor of 1300 and 237024580?
260
What is the highest common factor of 20781 and 276047877?
6927
What is the greatest common factor of 33987873 and 372?
93
Calculate the highest common factor of 100 and 303547900.
100
Calculate the highest common factor of 27848416 and 134.
134
What is the greatest common divisor of 79 and 309213031?
79
What is the greatest common divisor of 1690671 and 1160?
29
What is the greatest common factor of 2413 and 33218501?
127
What is the greatest common factor of 152 and 1572967896?
152
Calculate the greatest common divisor of 43733680 and 30.
10
Calculate the highest common factor of 20896 and 4867462.
1306
What is the greatest common factor of 6113471 and 1001?
91
Calculate the highest common factor of 157020643 and 39.
13
What is the greatest common divisor of 943706 and 296?
2
What is the highest common factor of 29 and 64250863?
29
Calculate the greatest common divisor of 9838571 and 2599.
113
Calculate the greatest common factor of 53209702 and 31.
31
What is the greatest common factor of 8823416 and 1736?
56
Calculate the greatest common factor of 1905825 and 12675.
75
Calculate the highest common factor of 1316 and 15360916.
188
What is the greatest common divisor of 176 and 2560768?
16
Calculate the greatest common factor of 107607672 and 344.
344
Calculate the greatest common factor of 118784 and 7769216.
3712
What is the greatest common divisor of 1897 and 38181461?
271
Calculate the highest common factor of 991200 and 42420.
420
Calculate the highest common factor of 14 and 60871657.
7
Calculate the highest common factor of 522875 and 29815.
445
What is the greatest common factor of 37647 and 285512?
89
What is the highest common factor of 110167140 and 11220?
1020
Calculate the greatest common factor of 6384426 and 25494.
3642
Calculate the greatest common factor of 656 and 11623828.
164
Calculate the highest common factor of 254170 and 50155.
35
Calculate the greatest common divisor of 2837838 and 32706.
474
What is the highest common divisor of 158164310 and 70?
10
Calculate the greatest common divisor of 16 and 17939958.
2
Calculate the highest common divisor of 216 and 33323352.
24
Calculate the greatest common factor of 36370210 and 9226.
1318
What is the greatest common factor of 457032 and 23074?
278
What is the greatest common factor of 27936 and 3352?
8
Calculate the highest common divisor of 1959 and 98517.
3
Calculate the highest common divisor of 9793 and 3230291.
1399
What is the highest common divisor of 162310 and 5310?
10
What is the greatest common factor of 1349537 and 2128?
7
Calculate the highest common divisor of 14411238 and 271.
271
What is the greatest common factor of 3885 and 846372780?
555
What is the highest common factor of 219976 and 441068?
124
What is the highest common factor of 110691600 and 45?
15
Calculate the highest common factor of 302071788 and 2484.
2484
What is the greatest common factor of 84 and 58687902?
42
Calculate the greatest common factor of 22110866 and 130138.
4198
Calculate the highest common factor of 164731583 and 262.
131
What is the greatest common factor of 210091584 and 3840?
192
Calculate the greatest common factor of 1153740 and 23115.
1005
What is the highest common divisor of 260004 and 2417484?
5532
Calculate the highest common divisor of 40029 and 7953.
33
What is the highest common factor of 89848 and 63272?
88
Calculate the highest common divisor of 6156 and 24237711.
1539
Calculate the greatest common factor of 70104958 and 11.
11
Calculate the highest common divisor of 1836926 and 8736.
182
What is the highest common factor of 1401 and 206036664?
1401
Calculate the highest common factor of 1690 and 767598.
338
Calculate the greatest common divis